{"id":860,"date":"2022-05-24T14:49:30","date_gmt":"2022-05-24T12:49:30","guid":{"rendered":"http:\/\/metalix.fr\/?page_id=860"},"modified":"2022-07-11T14:39:40","modified_gmt":"2022-07-11T12:39:40","slug":"mentions-legales","status":"publish","type":"page","link":"https:\/\/metalix.fr\/index.php\/mentions-legales\/","title":{"rendered":"Mentions L\u00e9gales"},"content":{"rendered":"\t\t<div data-elementor-type=\"wp-page\" data-elementor-id=\"860\" class=\"elementor elementor-860\" data-elementor-post-type=\"page\">\n\t\t\t\t\t\t<section class=\"elementor-section elementor-top-section elementor-element elementor-element-0b87454 elementor-section-full_width elementor-section-height-default elementor-section-height-default\" data-id=\"0b87454\" data-element_type=\"section\" data-settings=\"{&quot;background_background&quot;:&quot;classic&quot;}\">\n\t\t\t\t\t\t<div class=\"elementor-container elementor-column-gap-default\">\n\t\t\t\t\t<div class=\"elementor-column elementor-col-100 elementor-top-column elementor-element elementor-element-70a1572\" data-id=\"70a1572\" data-element_type=\"column\">\n\t\t\t<div class=\"elementor-widget-wrap elementor-element-populated\">\n\t\t\t\t\t\t<div class=\"elementor-element elementor-element-0b62737 elementor-widget elementor-widget-text-editor\" data-id=\"0b62737\" data-element_type=\"widget\" data-widget_type=\"text-editor.default\">\n\t\t\t\t<div class=\"elementor-widget-container\">\n\t\t\t\t\t\t\t\t\t<h4><strong>MENTIONS L\u00c9GALES<\/strong><\/h4><h4><strong>Editeur \/ propri\u00e9taire :<\/strong><\/h4><p>M\u00c9TAL-IX SARL<\/p><p>SIREN : 89238440500015<\/p><p>Adresse postale\u00a0: 165 ROUTE DES ARTISANS ZA LES BIEUX 01660 CHAVEYRIAT<\/p><p>T\u00e9l. 04.74.47.32.80<\/p><p>Mail : info@metalix.fr<\/p><p>Capital social\u00a0: 100,00 \u20ac<\/p><p>Num\u00e9ro immatriculation RCS\u00a0: 892 384 405 RCS Bourg-en-Bresse\u00a0<\/p><p>Num\u00e9ro TVA intracommunautaire\u00a0: FR78 829 384 405<\/p><p>Directeur de la publication : PAYAN Laurent<\/p><h4><strong>Conception \/ h\u00e9bergement :<\/strong><\/h4><p>Site r\u00e9alis\u00e9 par l&rsquo;agence de communication digitale\u00a0 <span style=\"color: #ff8133;\"><a style=\"color: #ff8133;\" href=\"https:\/\/sabraille.fr\">SABRAILLE<\/a><\/span><\/p><p>H\u00e9berg\u00e9 par Agence TOROP.NET &#8211; 1 Quai Yves Barbier &#8211; 70000 VESOUL<\/p><p>T\u00e9l. 03 84 78 60 07<\/p><p>SIREN 479 130 775<\/p><h4><strong>Contenu du site :<\/strong><\/h4><p>Le substantif \u00ab\u00a0contenu\u00a0\u00bb englobe la structure g\u00e9n\u00e9rale, les textes, les images anim\u00e9es ou non dont le site est compos\u00e9.<br \/>Ce contenu est donn\u00e9 \u00e0 titre indicatif. Notre responsabilit\u00e9 ne saurait \u00eatre engag\u00e9e en cas de non conformit\u00e9 de ces informations.<br \/>Toute repr\u00e9sentation totale ou partielle de ce site et de son contenu sans autorisation pr\u00e9alable \u00e9crite de M\u00c9TAL-IX SARL est interdite et constituerait une contrefa\u00e7on sanctionn\u00e9e par les articles L335-2 et suivants du Code de la Propri\u00e9t\u00e9 Intellectuelle. Aucune exploitation commerciale de son contenu ne peut \u00eatre exploit\u00e9e sans l&rsquo;accord \u00e9crit de M\u00c9TAL-IX SARL.<\/p><h4><strong>Liens hypertextes :<\/strong><\/h4><p>Les liens hypertextes mis en place dans le cadre du pr\u00e9sent site en direction d&rsquo;autres ressources pr\u00e9sentes sur le r\u00e9seau Internet, ne sauraient engager la responsabilit\u00e9 de M\u00c9TAL-IX SARL.<\/p><h4><strong>Droit applicable et attribution de juridiction :<\/strong><\/h4><p>Tout litige en relation avec l\u2019utilisation de ce site est soumis au droit fran\u00e7ais. Il est fait attribution exclusive de juridiction aux tribunaux comp\u00e9tents de Bourg-en-Bresse.<\/p>\t\t\t\t\t\t\t\t<\/div>\n\t\t\t\t<\/div>\n\t\t\t\t\t<\/div>\n\t\t<\/div>\n\t\t\t\t\t<\/div>\n\t\t<\/section>\n\t\t\t\t<\/div>\n\t\t","protected":false},"excerpt":{"rendered":"<p>MENTIONS L\u00c9GALES Editeur \/ propri\u00e9taire : M\u00c9TAL-IX SARL SIREN : 89238440500015 Adresse postale\u00a0: 165 ROUTE DES ARTISANS ZA LES BIEUX 01660 CHAVEYRIAT T\u00e9l. 04.74.47.32.80 Mail : info@metalix.fr Capital social\u00a0: 100,00 \u20ac Num\u00e9ro immatriculation RCS\u00a0: 892 384 405 RCS Bourg-en-Bresse\u00a0 Num\u00e9ro TVA intracommunautaire\u00a0: FR78 829 384 405 Directeur de la publication : PAYAN Laurent Conception \/ [&hellip;]<\/p>\n","protected":false},"author":1,"featured_media":0,"parent":0,"menu_order":0,"comment_status":"closed","ping_status":"closed","template":"","meta":{"footnotes":""},"class_list":["post-860","page","type-page","status-publish","hentry"],"yoast_head":"<!-- This site is optimized with the Yoast SEO plugin v24.6 - https:\/\/yoast.com\/wordpress\/plugins\/seo\/ -->\n<title>Mentions L\u00e9gales - M\u00e9talix<\/title>\n<meta name=\"robots\" content=\"index, follow, max-snippet:-1, max-image-preview:large, max-video-preview:-1\" \/>\n<link rel=\"canonical\" href=\"https:\/\/metalix.fr\/index.php\/mentions-legales\/\" \/>\n<meta property=\"og:locale\" content=\"fr_FR\" \/>\n<meta property=\"og:type\" content=\"article\" \/>\n<meta property=\"og:title\" content=\"Mentions L\u00e9gales - M\u00e9talix\" \/>\n<meta property=\"og:description\" content=\"MENTIONS L\u00c9GALES Editeur \/ propri\u00e9taire : M\u00c9TAL-IX SARL SIREN : 89238440500015 Adresse postale\u00a0: 165 ROUTE DES ARTISANS ZA LES BIEUX 01660 CHAVEYRIAT T\u00e9l. 04.74.47.32.80 Mail : info@metalix.fr Capital social\u00a0: 100,00 \u20ac Num\u00e9ro immatriculation RCS\u00a0: 892 384 405 RCS Bourg-en-Bresse\u00a0 Num\u00e9ro TVA intracommunautaire\u00a0: FR78 829 384 405 Directeur de la publication : PAYAN Laurent Conception \/ [&hellip;]\" \/>\n<meta property=\"og:url\" content=\"https:\/\/metalix.fr\/index.php\/mentions-legales\/\" \/>\n<meta property=\"og:site_name\" content=\"M\u00e9talix\" \/>\n<meta property=\"article:modified_time\" content=\"2022-07-11T12:39:40+00:00\" \/>\n<meta name=\"twitter:card\" content=\"summary_large_image\" \/>\n<meta name=\"twitter:label1\" content=\"Dur\u00e9e de lecture estim\u00e9e\" \/>\n\t<meta name=\"twitter:data1\" content=\"2 minutes\" \/>\n<script type=\"application\/ld+json\" class=\"yoast-schema-graph\">{\"@context\":\"https:\/\/schema.org\",\"@graph\":[{\"@type\":\"WebPage\",\"@id\":\"https:\/\/metalix.fr\/index.php\/mentions-legales\/\",\"url\":\"https:\/\/metalix.fr\/index.php\/mentions-legales\/\",\"name\":\"Mentions L\u00e9gales - M\u00e9talix\",\"isPartOf\":{\"@id\":\"https:\/\/metalix.fr\/#website\"},\"datePublished\":\"2022-05-24T12:49:30+00:00\",\"dateModified\":\"2022-07-11T12:39:40+00:00\",\"inLanguage\":\"fr-FR\",\"potentialAction\":[{\"@type\":\"ReadAction\",\"target\":[\"https:\/\/metalix.fr\/index.php\/mentions-legales\/\"]}]},{\"@type\":\"WebSite\",\"@id\":\"https:\/\/metalix.fr\/#website\",\"url\":\"https:\/\/metalix.fr\/\",\"name\":\"M\u00e9talix\",\"description\":\"\",\"publisher\":{\"@id\":\"https:\/\/metalix.fr\/#organization\"},\"potentialAction\":[{\"@type\":\"SearchAction\",\"target\":{\"@type\":\"EntryPoint\",\"urlTemplate\":\"https:\/\/metalix.fr\/?s={search_term_string}\"},\"query-input\":{\"@type\":\"PropertyValueSpecification\",\"valueRequired\":true,\"valueName\":\"search_term_string\"}}],\"inLanguage\":\"fr-FR\"},{\"@type\":\"Organization\",\"@id\":\"https:\/\/metalix.fr\/#organization\",\"name\":\"M\u00e9talix\",\"url\":\"https:\/\/metalix.fr\/\",\"logo\":{\"@type\":\"ImageObject\",\"inLanguage\":\"fr-FR\",\"@id\":\"https:\/\/metalix.fr\/#\/schema\/logo\/image\/\",\"url\":\"https:\/\/metalix.fr\/wp-content\/uploads\/2022\/10\/Logo-Fond-Blanc.png\",\"contentUrl\":\"https:\/\/metalix.fr\/wp-content\/uploads\/2022\/10\/Logo-Fond-Blanc.png\",\"width\":591,\"height\":237,\"caption\":\"M\u00e9talix\"},\"image\":{\"@id\":\"https:\/\/metalix.fr\/#\/schema\/logo\/image\/\"}}]}<\/script>\n<!-- \/ Yoast SEO plugin. -->","yoast_head_json":{"title":"Mentions L\u00e9gales - M\u00e9talix","robots":{"index":"index","follow":"follow","max-snippet":"max-snippet:-1","max-image-preview":"max-image-preview:large","max-video-preview":"max-video-preview:-1"},"canonical":"https:\/\/metalix.fr\/index.php\/mentions-legales\/","og_locale":"fr_FR","og_type":"article","og_title":"Mentions L\u00e9gales - M\u00e9talix","og_description":"MENTIONS L\u00c9GALES Editeur \/ propri\u00e9taire : M\u00c9TAL-IX SARL SIREN : 89238440500015 Adresse postale\u00a0: 165 ROUTE DES ARTISANS ZA LES BIEUX 01660 CHAVEYRIAT T\u00e9l. 04.74.47.32.80 Mail : info@metalix.fr Capital social\u00a0: 100,00 \u20ac Num\u00e9ro immatriculation RCS\u00a0: 892 384 405 RCS Bourg-en-Bresse\u00a0 Num\u00e9ro TVA intracommunautaire\u00a0: FR78 829 384 405 Directeur de la publication : PAYAN Laurent Conception \/ [&hellip;]","og_url":"https:\/\/metalix.fr\/index.php\/mentions-legales\/","og_site_name":"M\u00e9talix","article_modified_time":"2022-07-11T12:39:40+00:00","twitter_card":"summary_large_image","twitter_misc":{"Dur\u00e9e de lecture estim\u00e9e":"2 minutes"},"schema":{"@context":"https:\/\/schema.org","@graph":[{"@type":"WebPage","@id":"https:\/\/metalix.fr\/index.php\/mentions-legales\/","url":"https:\/\/metalix.fr\/index.php\/mentions-legales\/","name":"Mentions L\u00e9gales - M\u00e9talix","isPartOf":{"@id":"https:\/\/metalix.fr\/#website"},"datePublished":"2022-05-24T12:49:30+00:00","dateModified":"2022-07-11T12:39:40+00:00","inLanguage":"fr-FR","potentialAction":[{"@type":"ReadAction","target":["https:\/\/metalix.fr\/index.php\/mentions-legales\/"]}]},{"@type":"WebSite","@id":"https:\/\/metalix.fr\/#website","url":"https:\/\/metalix.fr\/","name":"M\u00e9talix","description":"","publisher":{"@id":"https:\/\/metalix.fr\/#organization"},"potentialAction":[{"@type":"SearchAction","target":{"@type":"EntryPoint","urlTemplate":"https:\/\/metalix.fr\/?s={search_term_string}"},"query-input":{"@type":"PropertyValueSpecification","valueRequired":true,"valueName":"search_term_string"}}],"inLanguage":"fr-FR"},{"@type":"Organization","@id":"https:\/\/metalix.fr\/#organization","name":"M\u00e9talix","url":"https:\/\/metalix.fr\/","logo":{"@type":"ImageObject","inLanguage":"fr-FR","@id":"https:\/\/metalix.fr\/#\/schema\/logo\/image\/","url":"https:\/\/metalix.fr\/wp-content\/uploads\/2022\/10\/Logo-Fond-Blanc.png","contentUrl":"https:\/\/metalix.fr\/wp-content\/uploads\/2022\/10\/Logo-Fond-Blanc.png","width":591,"height":237,"caption":"M\u00e9talix"},"image":{"@id":"https:\/\/metalix.fr\/#\/schema\/logo\/image\/"}}]}},"_links":{"self":[{"href":"https:\/\/metalix.fr\/index.php\/wp-json\/wp\/v2\/pages\/860","targetHints":{"allow":["GET"]}}],"collection":[{"href":"https:\/\/metalix.fr\/index.php\/wp-json\/wp\/v2\/pages"}],"about":[{"href":"https:\/\/metalix.fr\/index.php\/wp-json\/wp\/v2\/types\/page"}],"author":[{"embeddable":true,"href":"https:\/\/metalix.fr\/index.php\/wp-json\/wp\/v2\/users\/1"}],"replies":[{"embeddable":true,"href":"https:\/\/metalix.fr\/index.php\/wp-json\/wp\/v2\/comments?post=860"}],"version-history":[{"count":10,"href":"https:\/\/metalix.fr\/index.php\/wp-json\/wp\/v2\/pages\/860\/revisions"}],"predecessor-version":[{"id":1329,"href":"https:\/\/metalix.fr\/index.php\/wp-json\/wp\/v2\/pages\/860\/revisions\/1329"}],"wp:attachment":[{"href":"https:\/\/metalix.fr\/index.php\/wp-json\/wp\/v2\/media?parent=860"}],"curies":[{"name":"wp","href":"https:\/\/api.w.org\/{rel}","templated":true}]}}